 factor of c and 4?
2
Suppose -5 = s - 2*r + 3, 2*s - 3*r = -15. Let i be s*(-6)/(-3 + 5). Calculate the highest common divisor of i and 45.
9
Suppose -3*d = -4*g + 201 + 202, 2*g = -d + 199. Calculate the greatest common factor of g and 10.
10
Suppose 0 = 13*h - 10*h - 156. Calculate the greatest common divisor of 13 and h.
13
Let j(u) = u**3 + u**2 - 4*u + 3. Suppose -g - 6 = 3*f, -5*g + 18 = f - 2*f. Let a be j(g). Calculate the greatest common factor of a and 9.
9
Suppose 5*x + 2 + 48 = 2*g, 3*x - 3 = -g. Let d = 8 - 8. Suppose -1 = -u + 2*v, 4*v + 11 = 5*u - d. Calculate the greatest common divisor of g and u.
3
Let x(c) be the second derivative of -c**3/6 + 19*c**2/2 + c. Let n = -15 + 23. Let j be x(n). What is the highest common factor of j and 77?
11
Let n be (-2 + -8)*23/(-2). Let t = -102 + 148. Calculate the highest common divisor of n and t.
23
Suppose 0*k = 2*k - s, 14 = k + 3*s. Let l = -4 - k. Let b be (-18)/(3/l*3). What is the greatest common factor of b and 12?
12
Let y(z) = -z + 16. Let l be y(15). What is the greatest common factor of 1 and l?
1
Let m(l) = 8*l**3 + 2*l**2 - l. Let q be m(1). Calculate the highest common divisor of q and 9.
9
Let y(k) = k**2 - 4*k + 3. Let o be y(5). Suppose 5*l - 3*l = -5*r + 102, 0 = 5*l - 5. Calculate the greatest common divisor of o and r.
4
Let q(k) = -k**2 + 7*k - 3. Let w be q(5). Let j = w + 2. What is the greatest common factor of j and 63?
9
Suppose u - 4*u + 8 = -q, -4*q + 3*u = 5. Suppose -5*x - j + 66 = 0, -j = 5 - q. Calculate the highest common divisor of x and 70.
14
Let b be (33 - 0)/((-4)/(-4)). Suppose -4*q - 2*r + 22 = 0, -r - 2*r + 15 = 0. Calculate the greatest common factor of q and b.
3
Let v(t) = -49*t + 1. Let d be v(-1). Suppose -4*q = 4*z - 1 - 7, 2*q + 4*z = 12. Let h be (-117)/(-12) - q/8. Calculate the highest common divisor of d and h.
10
Suppose 0 = 4*b - 32 - 804. Calculate the greatest common factor of 11 and b.
11
Let f(w) = 11*w**2 - w. Let a be f(1). Suppose 2*g - 145 = 3*s, 4*s = -4*g + s + 335. Calculate the greatest common factor of g and a.
10
Let x be -11*(4 + -9 - 0). What is the greatest common factor of x and 11?
11
Suppose -3*n - 4*p = 10 - 41, 4*n - 56 = 2*p. Suppose 0*u = -3*u - 6. Let m be ((-568)/u)/2 + 1. What is the greatest common divisor of m and n?
13
Suppose 2*k - 14 = -4*h, -h + 0*k + 3*k = -7. Suppose -5 = -q - h. What is the greatest common divisor of 5 and q?
1
Let l be 5/2*48/30. Calculate the greatest common divisor of l and 8.
4
Let m = -3 - -4. Suppose -m = -p + 1. Suppose -p = -i + 4. What is the greatest common divisor of 48 and i?
6
Suppose -2*d + 5*d = 216. Let a = -48 + 78. Let i = d - a. What is the highest common divisor of i and 6?
6
Let y be ((-1)/(1/2))/(-1). Suppose -19 = y*m - 1. Let a = 31 + m. What is the greatest common factor of 33 and a?
11
Let y = 5 - 6. Let i be 2 - (y + -18 + 1). Let c be (-1 - 2)*(-20)/6. What is the highest common divisor of c and i?
10
Suppose 5*x = -0 + 80. What is the greatest common divisor of x and 2?
2
Let w be (-3)/(-3)*-1 + 3. Suppose w*i + 21 = 87. Calculate the greatest common divisor of i and 22.
11
Suppose -4*p = p - 35. What is the greatest common factor of p and 7?
7
Let z(j) be the third derivative of j**4/24 - j**3/6 - j**2. Let s be z(9). What is the greatest common factor of 8 and s?
8
Suppose -4*o - 3*s = -76, -o - 2*s = o - 40. What is the greatest common divisor of 112 and o?
16
Let q = -11 - -4. Let z(a) = -a**3 - 7*a**2 - 2*a - 5. Let y be z(q). Suppose 3*b - 86 = 22. What is the highest common factor of y and b?
9
Let z = 42 - 20. Suppose 3*w - z = 2*w. What is the greatest common divisor of w and 2?
2
Let n(c) = -c**3 + 7*c**2 - 4*c - 5. Let f be n(6). Let i(u) = u - 3. Let t be i(f). Calculate the greatest common factor of 6 and t.
2
Let b = 22 - 13. Calculate the highest common divisor of b and 9.
9
Let r = -94 - -120. What is the highest common divisor of r and 39?
13
Let y be 55/(-15) + (-4)/(-6). Let w be 2 - (y - -1 - -2). Suppose -w*a + 30 = -8. Calculate the greatest common factor of a and 19.
19
Suppose 0 = -a + 44 - 9. Suppose -4*j - 3*s + 11 = 0, 4*j - 15 = 4*s + 17. Calculate the highest common factor of a and j.
5
Suppose 3*b - 7*b = -16. Suppose b = -3*y + y. Let a be (-2 - y) + (3 - -21). What is the greatest common divisor of 16 and a?
8
Let t(x) = -x. Let n be t(-2). Let y be n*(-9)/(-6)*3. Suppose l - y = -w, 0 = 4*l - 5*w + 4 + 5. What is the greatest common divisor of l and 4?
4
Let q(o) = o**2 + 6*o + 2. Let m be q(-8). Suppose -3*z = -m + 6. Let u be (2 + 9)/(1/z). What is the greatest common factor of 11 and u?
11
Let u be ((-2)/4)/(2/(-60)). Suppose 5*v - 4*p = 45, 5*v + p = 35 - u. Let i(w) = w**2 - w - 7. Let c be i(7). What is the greatest common divisor of c and v?
5
Suppose -u = -4*s + 114, 2*u - 61 - 47 = -4*s. What is the highest common factor of s and 70?
14
Let d(k) = 2*k**2 - 2*k - 5. Let m be d(5). Let v = 2 - -16. Let x = m - v. Calculate the highest common divisor of 68 and x.
17
Let o(d) = 4*d**2 + 13*d - 22. Let v be o(-8). Let j(l) = 6*l + 2. Let f be j(4). What is the highest common divisor of f and v?
26
Suppose 4*h - 2*l = 2*l - 392, -94 = h + 3*l. Let i = h - -207. Suppose -n + i = n. Calculate the highest common factor of n and 11.
11
Let a(m) = m**2 - 3*m**2 - 6 - 9*m - m**2 + 5*m**2. Let o = -16 + 24. Let l be a(o). What is the highest common divisor of 10 and l?
10
Let a(t) = -9*t + 6. Let f be a(-2). What is the greatest common factor of f and 12?
12
Suppose -5*l = 0, 0*b - 2*l + 90 = 5*b. Let g(q) = q**3 + 7*q**2 + 6*q - 2. Let i be g(-5). What is the greatest common factor of i and b?
18
Let v(s) = s**2 + 14*s + 28. Let y be v(-16). Suppose 4*x + 144 - 42 = -2*i, 0 = -4*x + 5*i - 67. Let n = 1 - x. What is the highest common factor of n and y?
12
Let j = 3 - -9. Suppose 3*h + 0 = x + 4, 0 = h + 3*x + j. Let b be (h + 14)/((-5)/(-15)). Calculate the highest common divisor of 21 and b.
21
Let p(v) = 2*v**2 + 1. Let s be p(-1). Let y = s + 13. What is the greatest common divisor of 16 and y?
16
Suppose 2*z + 260 = 7*z. Suppose 2*i - 647 = -5*r + i, 0 = r + 4*i - 118. What is the highest common divisor of r and z?
26
Suppose -g = -2*g + 36. Suppose -z = z - g. Let j be 194/z + 8/36. Calculate the greatest common factor of j and 99.
11
Suppose -7*v + 2*v = -15. Suppose 0 = q + v*q - 268. Suppose -5*p + q = 3*n, 5*p - 31 = 5*n + 4. Calculate the greatest common factor of 22 and p.
11
Let v be 2/(-4)*0/3. Let b(l) = -l + 30. Let i be b(v). Let s = -15 - -25. Calculate the highest common factor of s and i.
10
Suppose -3*m - 32 = w, -2*w - 7 = -3. Let b = -5 - m. Calculate the greatest common factor of b and 35.
5
Suppose 45 = k + 9. Suppose 0 = 3*s - 12. Suppose s*f + 0*f = 36. What is the highest common factor of f and k?
9
Suppose 0*b - 18 = -3*b. Let i(k) = 2*k - 6. Let y be i(b). Suppose l + 2 = a, -2*a + 19 = -2*l + 3*a. Calculate the greatest common factor of l and y.
3
Let q = -69 + 86. Let d be 2/4*-2 - -103. What is the greatest common factor of q and d?
17
Let t(g) = 2*g - 2. Let z be t(2). Suppose -z*w = -29 - 5. What is the highest common factor of 51 and w?
17
Suppose -6*i + 864 = -2*i. What is the highest common factor of 27 and i?
27
Let u(c) = c**3 + 4*c**2 - 3*c + 2. Let a be u(-4). Let h = a + 112. What is the greatest common divisor of h and 14?
14
Let n(w) = -w + 1. Let s be n(-11). Calculate the highest common factor of s and 30.
6
Suppose -45 + 15 = -5*h. Let a be (-28)/(-2) - (3 + -1). Calculate the greatest common divisor of a and h.
6
Let n(f) = 2*f + 1. Let p be n(5). Suppose 36 = 4*r + 5*t - 48, 0 = -r + 4*t + 21. Suppose -r = -5*g + 34. Calculate the highest common factor of p and g.
11
Suppose 58 = 2*y - 14. Suppose 0*o = -4*o + 24. What is the greatest common factor of y and o?
6
Suppose 0 = -3*b + 4*v + 44, 0 = 2*b - 0*b + 2*v - 34. Suppose 3*h - 37 = -i, -h + b = 3*i + i. What is the greatest common factor of h and 48?
12
Suppose 0 = -2*c - 8. Let u be 6/c + (-58)/(-4). What is the greatest common factor of u and 26?
13
Suppose g + 14 = 5*o, -4*o = -4*g - 5 - 3. Suppose 0 = 2*s - 33 + g. Let b(n) = n**2 - 9*n - 8. Let h be b(10). What is the greatest common divisor of h and s?
2
Let l 